1467?
True
Is 1625024 a multiple of 16?
True
Does 4 divide 435268?
True
Is 234 a factor of 2388880?
False
Is 167607 a multiple of 154?
False
Is 37144 a multiple of 8?
True
Does 21 divide 12390?
True
Does 16 divide 979337?
False
Is 17 a factor of 689078?
True
Does 170 divide 2516501?
False
Is 499 a factor of 785426?
True
Does 62 divide 2386566?
True
Is 33 a factor of 97070?
False
Is 15293282 a multiple of 43?
False
Is 90 a factor of 221614?
False
Is 127 a factor of 87798?
False
Is 111739 a multiple of 23?
False
Does 136 divide 309134?
False
Does 347 divide 281515?
False
Does 2 divide 144164?
True
Is 254585 a multiple of 4?
False
Is 52 a factor of 4657276?
True
Is 7037590 a multiple of 14?
True
Is 115 a factor of 58967?
False
Is 210114 a multiple of 17?
False
Is 5918343 a multiple of 304?
False
Is 1251110 a multiple of 7?
True
Is 52725 a multiple of 136?
False
Is 17 a factor of 1030808?
False
Is 140319 a multiple of 31?
False
Does 2 divide 13505?
False
Is 8 a factor of 285144?
True
Is 693132 a multiple of 151?
False
Is 71 a factor of 123444?
False
Is 674220 a multiple of 51?
True
Is 3866548 a multiple of 662?
False
Is 297195 a multiple of 16?
False
Does 15 divide 126264?
False
Does 3 divide 4569?
True
Does 25 divide 55987?
False
Is 281090 a multiple of 9?
False
Is 38 a factor of 1127042?
True
Does 2 divide 16490?
True
Is 721650 a multiple of 51?
True
Does 99 divide 9704507?
False
Is 102 a factor of 2964426?
True
Is 1477297 a multiple of 2?
False
Is 32 a factor of 1289757?
False
Is 72059 a multiple of 20?
False
Does 752 divide 733952?
True
Does 6 divide 4566929?
False
Does 438 divide 3425160?
True
Is 80 a factor of 1472951?
False
Is 41251 a multiple of 7?
True
Does 79 divide 6732775?
True
Is 10305 a multiple of 37?
False
Does 14 divide 168383?
False
Does 18 divide 411138?
True
Is 68442 even?
True
Is 13 a factor of 105989?
True
Is 233 a factor of 898642?
False
Does 424 divide 746313?
False
Is 3 a factor of 290152?
False
Is 17 a factor of 17187?
True
Is 49 a factor of 1823878?
True
Is 1412910 a multiple of 45?
True
Is 1484413 a multiple of 8?
False
Is 2876010 a multiple of 440?
False
Is 6 a factor of 15306?
True
Is 44 a factor of 217360?
True
Is 205 a factor of 31012810?
True
Is 594 a factor of 18406872?
True
Does 32 divide 11529?
False
Is 12 a factor of 285271?
False
Does 184 divide 719072?
True
Is 1200060 a multiple of 3?
True
Is 3989821 a multiple of 37?
True
Is 20 a factor of 14219860?
True
Is 24 a factor of 27408?
True
Is 24453 a multiple of 171?
True
Is 316176 a multiple of 12?
True
Is 2149264 a multiple of 208?
True
Does 42 divide 692790?
True
Does 991 divide 530453?
False
Is 39078 a multiple of 39?
True
Is 293073 a multiple of 56?
False
Is 16 a factor of 686542?
False
Is 13 a factor of 302900?
True
Is 263 a factor of 290830?
False
Does 187 divide 227379?
False
Does 139 divide 44100?
False
Is 4 a factor of 79832?
True
Is 27 a factor of 96506?
False
Is 24 a factor of 5363880?
True
Does 39 divide 81117?
False
Is 83 a factor of 2032670?
True
Is 8 a factor of 1402579?
False
Is 7 a factor of 1378433?
True
Is 90 a factor of 357570?
True
Is 31 a factor of 1550620?
True
Does 103 divide 15094238?
True
Is 367 a factor of 1148390?
False
Does 39 divide 6767177?
False
Is 118304 a multiple of 17?
False
Is 9939279 a multiple of 427?
True
Is 1797816 a multiple of 692?
True
Is 191 a factor of 2978914?
False
Is 20 a factor of 24582030?
False
Is 340 a factor of 135028?
False
Is 367357 a multiple of 3?
False
Is 30 a factor of 119190?
True
Is 204660 a multiple of 54?
True
Is 1981135 a multiple of 13?
True
Does 37 divide 3901465?
True
Is 8277037 a multiple of 92?
False
Is 323 a factor of 19703?
True
Does 16 divide 2780819?
False
Does 50 divide 594726?
False
Is 25 a factor of 220200?
True
Is 137691 a multiple of 114?
False
Is 974 a factor of 205514?
True
Does 23 divide 74507?
False
Does 1009 divide 2385704?
False
Is 2579745 a multiple of 1443?
False
Is 19 a factor of 4660789?
False
Is 87 a factor of 40286?
False
Is 66 a factor of 23897656?
False
Does 6 divide 2067795?
False
Does 986 divide 18563422?
True
Does 30 divide 134310?
True
Does 203 divide 55013?
True
Is 231 a factor of 3215982?
True
Is 220839 a multiple of 23?
False
Does 78 divide 626460?
False
Does 4 divide 2729966?
False
Is 62 a factor of 635314?
True
Is 9 a factor of 18342?
True
Is 14 a factor of 10794?
True
Is 70 a factor of 280280?
True
Does 40 divide 2422280?
True
Does 6 divide 146496?
True
Is 168 a factor of 1976856?
True
Does 95 divide 9233017?
False
Is 121 a factor of 142296?
True
Does 769 divide 4194064?
False
Does 9 divide 155745?
True
Does 74 divide 5754141?
False
Is 2892010 a multiple of 671?
True
Is 9 a factor of 2023848?
True
Does 21 divide 831633?
False
Does 8 divide 8217?
False
Is 195510 a multiple of 190?
True
Does 92 divide 3650284?
True
Does 11 divide 1021009?
True
Is 8304007 a multiple of 547?
True
Does 333 divide 237957?
False
Does 9 divide 21705?
False
Does 119 divide 657951?
True
Is 146 a factor of 64541?
False
Is 446512 a multiple of 236?
True
Is 565125 a multiple of 165?
True
Is 1781736 a multiple of 187?
True
Is 2142395 a multiple of 7?
False
Does 120 divide 3839640?
True
Is 212160 a multiple of 20?
True
Is 869456 a multiple of 98?
True
Is 11 a factor of 47795?
True
Does 20 divide 5117600?
True
Does 15 divide 150111?
False
Is 161 a factor of 3114875?
False
Is 43 a factor of 37093?
False
Is 110130 a multiple of 10?
True
Does 220 divide 67980?
True
Is 17140739 a multiple of 77?
True
Does 35 divide 193025?
True
Is 184 a factor of 503056?
True
Does 1126 divide 2443420?
True
Is 327956 a multiple of 163?
True
Does 55 divide 1921276?
False
Is 31 a factor of 1024519?
True
Does 259 divide 296296?
True
Does 12 divide 109207?
False
Is 1655214 a multiple of 682?
True
Does 18 divide 626436?
True
Is 59670 a multiple of 100?
False
Is 15 a factor of 17250?
True
Is 14 a factor of 250320?
True
Does 21 divide 4344284?
False
Is 54 a factor of 42336?
True
Is 112350 a multiple of 321?
True
Does 765 divide 6462720?
True
Is 1359621 a multiple of 9?
True
Is 9 a factor of 4373303?
False
Does 21 divide 339316?
False
Is 8 a factor of 1370008?
True
Is 2552880 a multiple of 22?
True
Does 118 divide 1113622?
False
Is 25822913 a multiple of 124?
False
Does 1835 divide 5063501?
False
Is 45 a factor of 4430601?
False
Is 535755 a multiple of 255?
True
Does 3 divide 32821?
False
Is 113500 a multiple of 25?
True
Is 29 a factor of 59993?
False
Does 539 divide 243688?
False
Does 675 divide 1706400?
True
Does 149 divide 5313351?
False
Does 70 divide 63094?
False
Is 16 a factor of 2949020?
False
Is 264 a factor of 784872?
True
Is 3683251 a multiple of 13?
True
Is 8 a factor of 268173?
False
Is 99445 a multiple of 137?
False
Is 80 a factor of 184400?
True
Is 315 a factor of 7153965?
True
Is 160 a factor of 404671?
False
Does 331 divide 124125?
True
Is 34 a factor of 1833076?
True
Is 399 a factor of 76647?
False
Does 27 divide 514780?
False
Is 1827016 a multiple of 139?
True
Does 40 divide 942800?
True
Is 339 a factor of 2449614?
True
Is 7 a factor of 1019539?
False
Is 54 a factor of 683375?
False
Is 121 a factor of 499086?
False
Is 37 a factor of 3577443?
False
Is 6589219 a multiple of 290?
False
Does 20 divide 29737?
False
Does 28 divide 135268?
True
Is 296250 a multiple of 8?
False
Is 5 a factor of 635259?
False
Is 51 a factor of 16205166?
False
Does 40 divide 5682800?
True
Is 24990 a multiple of 17?
True
Is 554 a factor of 767844?
True
Is 1139168 a multiple of 367?
True
Does 12 divide 611943?
False
Is 15 a factor of 1890511?
False
Is 116486 a multiple of 218?
False
Does 12 divide 855720?
True
Does 29 divide 108183?
False
Does 65 divide 3065530?
True
Does 35 divide 120190?
True
Does 6 divide 96149?
False
Is 5 a factor of 3915667?
False
Is 34 a factor of 617440?
True
Is 8 a factor of 219403?
False
Is 832784 a multiple of 184?
True
Is 871582 a multiple of 343?
False
Is 52591 a multiple of 77?
True
Is 1577880 a multiple of 8?
True
Is 302 a factor of 16574666?
True
Is 196092 a multiple of 52?
True
Does 127 divide 415100?
False
Is 12 a factor of 127326?
False
Is 122 a factor of 2928?
True
Is 164 a factor of 8303154?
False
Is 255318 a multiple of 6?
True
Is 33 a factor of 536741?
False
Is 1394299 a multiple of 22?
Fals